{"id":1115,"date":"2026-01-26T10:27:07","date_gmt":"2026-01-26T16:27:07","guid":{"rendered":"https:\/\/turismosancristobal.com\/?post_type=tribe_events&#038;p=1115"},"modified":"2026-01-26T10:27:07","modified_gmt":"2026-01-26T16:27:07","slug":"el-ultimo-de-los-vochos","status":"publish","type":"tribe_events","link":"https:\/\/turismosancristobal.com\/en\/evento\/el-ultimo-de-los-vochos\/","title":{"rendered":"El \u00faltimo de los vochos"},"content":{"rendered":"<div class=\"xdj266r x14z9mp xat24cr x1lziwak x1vvkbs x126k92a\">\n<div dir=\"auto\">El \u00faltimo de los vochos en San Crist\u00f3bal de Las Casas<\/div>\n<div dir=\"auto\">Te invitamos a la inauguraci\u00f3n de la exposici\u00f3n fotogr\u00e1fica de Paul O\u2019Connor, un recorrido visual lleno de nostalgia, color e historia urbana.<\/div>\n<\/div>\n<div class=\"x14z9mp xat24cr x1lziwak x1vvkbs xtlvy1s x126k92a\">\n<div dir=\"auto\"><span class=\"html-span xexx8yu xyri2b x18d9i69 x1c1uobl x1hl2dhg x16tdsg8 x1vvkbs x3nfvp2 x1j61x8r x1fcty0u xdj266r xat24cr xm2jcoa x1mpyi22 xxymvpz xlup9mm x1kky2od\"><img loading=\"lazy\" decoding=\"async\" class=\"xz74otr x15mokao x1ga7v0g x16uus16 xbiv7yw\" src=\"https:\/\/static.xx.fbcdn.net\/images\/emoji.php\/v9\/t7e\/1\/16\/1f4c5.png\" alt=\"\ud83d\udcc5\" width=\"16\" height=\"16\" \/><\/span> 29 de enero<\/div>\n<div dir=\"auto\"><span class=\"html-span xexx8yu xyri2b x18d9i69 x1c1uobl x1hl2dhg x16tdsg8 x1vvkbs x3nfvp2 x1j61x8r x1fcty0u xdj266r xat24cr xm2jcoa x1mpyi22 xxymvpz xlup9mm x1kky2od\"><img loading=\"lazy\" decoding=\"async\" class=\"xz74otr x15mokao x1ga7v0g x16uus16 xbiv7yw\" src=\"https:\/\/static.xx.fbcdn.net\/images\/emoji.php\/v9\/tac\/1\/16\/1f554.png\" alt=\"\ud83d\udd54\" width=\"16\" height=\"16\" \/><\/span> 17:00 h<\/div>\n<div dir=\"auto\"><span class=\"html-span xexx8yu xyri2b x18d9i69 x1c1uobl x1hl2dhg x16tdsg8 x1vvkbs x3nfvp2 x1j61x8r x1fcty0u xdj266r xat24cr xm2jcoa x1mpyi22 xxymvpz xlup9mm x1kky2od\"><img loading=\"lazy\" decoding=\"async\" class=\"xz74otr x15mokao x1ga7v0g x16uus16 xbiv7yw\" src=\"https:\/\/static.xx.fbcdn.net\/images\/emoji.php\/v9\/t2d\/1\/16\/1f4cd.png\" alt=\"\ud83d\udccd\" width=\"16\" height=\"16\" \/><\/span> Nauyaca Estudio \u00b7 Galer\u00eda, debajo del Cine Kinoki<\/div>\n<\/div>\n","protected":false},"excerpt":{"rendered":"<p>El \u00faltimo de los vochos en San Crist\u00f3bal de Las Casas Te invitamos a la inauguraci\u00f3n de la exposici\u00f3n fotogr\u00e1fica de Paul O\u2019Connor, un recorrido visual<span class=\"excerpt-hellip\"> [\u2026]<\/span><\/p>\n","protected":false},"author":2,"featured_media":1116,"comment_status":"open","ping_status":"closed","template":"","meta":{"_acf_changed":false,"_tribe_events_status":"","_tribe_events_status_reason":"","_tribe_events_is_hybrid":"","_tribe_events_is_virtual":"","_tribe_events_virtual_video_source":"","_tribe_events_virtual_embed_video":"","_tribe_events_virtual_linked_button_text":"","_tribe_events_virtual_linked_button":"","_tribe_events_virtual_show_embed_at":"","_tribe_events_virtual_show_embed_to":[],"_tribe_events_virtual_show_on_event":"","_tribe_events_virtual_show_on_views":"","_tribe_events_virtual_url":"","footnotes":""},"tags":[],"tribe_events_cat":[],"class_list":["post-1115","tribe_events","type-tribe_events","status-publish","has-post-thumbnail","hentry"],"acf":[],"_links":{"self":[{"href":"https:\/\/turismosancristobal.com\/en\/wp-json\/wp\/v2\/tribe_events\/1115","targetHints":{"allow":["GET"]}}],"collection":[{"href":"https:\/\/turismosancristobal.com\/en\/wp-json\/wp\/v2\/tribe_events"}],"about":[{"href":"https:\/\/turismosancristobal.com\/en\/wp-json\/wp\/v2\/types\/tribe_events"}],"author":[{"embeddable":true,"href":"https:\/\/turismosancristobal.com\/en\/wp-json\/wp\/v2\/users\/2"}],"replies":[{"embeddable":true,"href":"https:\/\/turismosancristobal.com\/en\/wp-json\/wp\/v2\/comments?post=1115"}],"version-history":[{"count":1,"href":"https:\/\/turismosancristobal.com\/en\/wp-json\/wp\/v2\/tribe_events\/1115\/revisions"}],"predecessor-version":[{"id":1118,"href":"https:\/\/turismosancristobal.com\/en\/wp-json\/wp\/v2\/tribe_events\/1115\/revisions\/1118"}],"wp:featuredmedia":[{"embeddable":true,"href":"https:\/\/turismosancristobal.com\/en\/wp-json\/wp\/v2\/media\/1116"}],"wp:attachment":[{"href":"https:\/\/turismosancristobal.com\/en\/wp-json\/wp\/v2\/media?parent=1115"}],"wp:term":[{"taxonomy":"post_tag","embeddable":true,"href":"https:\/\/turismosancristobal.com\/en\/wp-json\/wp\/v2\/tags?post=1115"},{"taxonomy":"tribe_events_cat","embeddable":true,"href":"https:\/\/turismosancristobal.com\/en\/wp-json\/wp\/v2\/tribe_events_cat?post=1115"}],"curies":[{"name":"wp","href":"https:\/\/api.w.org\/{rel}","templated":true}]}}

El último de los vochos

<div class="xdj266r x14z9mp xat24cr x1lziwak x1vvkbs x126k92a">
<div dir="auto">El último de los vochos en San Cristóbal de Las Casas</div>
<div dir="auto">Te invitamos a la inauguración de la exposición fotográfica de Paul O’Connor, un recorrido visual lleno de nostalgia, color e historia urbana.</div>
</div>
<div class="x14z9mp xat24cr x1lziwak x1vvkbs xtlvy1s x126k92a">
<div dir="auto"><span class="html-span xexx8yu xyri2b x18d9i69 x1c1uobl x1hl2dhg x16tdsg8 x1vvkbs x3nfvp2 x1j61x8r x1fcty0u xdj266r xat24cr xm2jcoa x1mpyi22 xxymvpz xlup9mm x1kky2od"><img loading="lazy" decoding="async" class="xz74otr x15mokao x1ga7v0g x16uus16 xbiv7yw" src="https://static.xx.fbcdn.net/images/emoji.php/v9/t7e/1/16/1f4c5.png" alt="📅" width="16" height="16" /></span> 29 de enero</div>
<div dir="auto"><span class="html-span xexx8yu xyri2b x18d9i69 x1c1uobl x1hl2dhg x16tdsg8 x1vvkbs x3nfvp2 x1j61x8r x1fcty0u xdj266r xat24cr xm2jcoa x1mpyi22 xxymvpz xlup9mm x1kky2od"><img loading="lazy" decoding="async" class="xz74otr x15mokao x1ga7v0g x16uus16 xbiv7yw" src="https://static.xx.fbcdn.net/images/emoji.php/v9/tac/1/16/1f554.png" alt="🕔" width="16" height="16" /></span> 17:00 h</div>
<div dir="auto"><span class="html-span xexx8yu xyri2b x18d9i69 x1c1uobl x1hl2dhg x16tdsg8 x1vvkbs x3nfvp2 x1j61x8r x1fcty0u xdj266r xat24cr xm2jcoa x1mpyi22 xxymvpz xlup9mm x1kky2od"><img loading="lazy" decoding="async" class="xz74otr x15mokao x1ga7v0g x16uus16 xbiv7yw" src="https://static.xx.fbcdn.net/images/emoji.php/v9/t2d/1/16/1f4cd.png" alt="📍" width="16" height="16" /></span> Nauyaca Estudio · Galería, debajo del Cine Kinoki</div>
</div>

<p>El último de los vochos en San Cristóbal de Las Casas Te invitamos a la inauguración de la exposición fotográfica de Paul O’Connor, un recorrido visual<span class="excerpt-hellip"> […]</span></p>
