{"id":1119,"date":"2026-01-28T10:32:40","date_gmt":"2026-01-28T16:32:40","guid":{"rendered":"https:\/\/turismosancristobal.com\/?post_type=tribe_events&#038;p=1119"},"modified":"2026-01-28T10:32:40","modified_gmt":"2026-01-28T16:32:40","slug":"del-presente-al-pasado-la-poblacion-afromexicana-de-chiapas","status":"publish","type":"tribe_events","link":"https:\/\/turismosancristobal.com\/en\/evento\/del-presente-al-pasado-la-poblacion-afromexicana-de-chiapas\/","title":{"rendered":"Del presente al pasado: La poblaci\u00f3n afromexicana de Chiapas"},"content":{"rendered":"<p>Invitamos al p\u00fablico en general a qu\u00e9 nos acompa\u00f1en al Conversatorio &#8220;Del presente al pasado: La poblaci\u00f3n afro mexicana de Chiapas&#8221;.<br class=\"html-br\" \/><br class=\"html-br\" \/><span class=\"html-span xexx8yu xyri2b x18d9i69 x1c1uobl x1hl2dhg x16tdsg8 x1vvkbs x3nfvp2 x1j61x8r x1fcty0u xdj266r xat24cr xm2jcoa x1mpyi22 xxymvpz xlup9mm x1kky2od\"><img loading=\"lazy\" decoding=\"async\" class=\"xz74otr x15mokao x1ga7v0g x16uus16 xbiv7yw\" src=\"https:\/\/static.xx.fbcdn.net\/images\/emoji.php\/v9\/tff\/1\/16\/1f4c6.png\" alt=\"\ud83d\udcc6\" width=\"16\" height=\"16\" \/><\/span>\u00a0Viernes 30 de Enero.<br class=\"html-br\" \/><span class=\"html-span xexx8yu xyri2b x18d9i69 x1c1uobl x1hl2dhg x16tdsg8 x1vvkbs x3nfvp2 x1j61x8r x1fcty0u xdj266r xat24cr xm2jcoa x1mpyi22 xxymvpz xlup9mm x1kky2od\"><img loading=\"lazy\" decoding=\"async\" class=\"xz74otr x15mokao x1ga7v0g x16uus16 xbiv7yw\" src=\"https:\/\/static.xx.fbcdn.net\/images\/emoji.php\/v9\/t34\/1\/16\/23f0.png\" alt=\"\u23f0\" width=\"16\" height=\"16\" \/><\/span>\u00a017:00 horas.<br class=\"html-br\" \/><span class=\"html-span xexx8yu xyri2b x18d9i69 x1c1uobl x1hl2dhg x16tdsg8 x1vvkbs x3nfvp2 x1j61x8r x1fcty0u xdj266r xat24cr xm2jcoa x1mpyi22 xxymvpz xlup9mm x1kky2od\"><img loading=\"lazy\" decoding=\"async\" class=\"xz74otr x15mokao x1ga7v0g x16uus16 xbiv7yw\" src=\"https:\/\/static.xx.fbcdn.net\/images\/emoji.php\/v9\/t2d\/1\/16\/1f4cd.png\" alt=\"\ud83d\udccd\" width=\"16\" height=\"16\" \/><\/span>\u00a0Sala &#8220;Bruno Barrientos&#8221; del Centro Cultural &#8220;El Carmen&#8221;.<\/p>\n","protected":false},"excerpt":{"rendered":"<p>Sala &#8220;Bruno Barrientos&#8221; .<\/p>\n","protected":false},"author":2,"featured_media":1120,"comment_status":"open","ping_status":"closed","template":"","meta":{"_acf_changed":false,"_tribe_events_status":"","_tribe_events_status_reason":"","_tribe_events_is_hybrid":"","_tribe_events_is_virtual":"","_tribe_events_virtual_video_source":"","_tribe_events_virtual_embed_video":"","_tribe_events_virtual_linked_button_text":"","_tribe_events_virtual_linked_button":"","_tribe_events_virtual_show_embed_at":"","_tribe_events_virtual_show_embed_to":[],"_tribe_events_virtual_show_on_event":"","_tribe_events_virtual_show_on_views":"","_tribe_events_virtual_url":"","footnotes":""},"tags":[],"tribe_events_cat":[],"class_list":["post-1119","tribe_events","type-tribe_events","status-publish","has-post-thumbnail","hentry"],"acf":[],"_links":{"self":[{"href":"https:\/\/turismosancristobal.com\/en\/wp-json\/wp\/v2\/tribe_events\/1119","targetHints":{"allow":["GET"]}}],"collection":[{"href":"https:\/\/turismosancristobal.com\/en\/wp-json\/wp\/v2\/tribe_events"}],"about":[{"href":"https:\/\/turismosancristobal.com\/en\/wp-json\/wp\/v2\/types\/tribe_events"}],"author":[{"embeddable":true,"href":"https:\/\/turismosancristobal.com\/en\/wp-json\/wp\/v2\/users\/2"}],"replies":[{"embeddable":true,"href":"https:\/\/turismosancristobal.com\/en\/wp-json\/wp\/v2\/comments?post=1119"}],"version-history":[{"count":1,"href":"https:\/\/turismosancristobal.com\/en\/wp-json\/wp\/v2\/tribe_events\/1119\/revisions"}],"predecessor-version":[{"id":1121,"href":"https:\/\/turismosancristobal.com\/en\/wp-json\/wp\/v2\/tribe_events\/1119\/revisions\/1121"}],"wp:featuredmedia":[{"embeddable":true,"href":"https:\/\/turismosancristobal.com\/en\/wp-json\/wp\/v2\/media\/1120"}],"wp:attachment":[{"href":"https:\/\/turismosancristobal.com\/en\/wp-json\/wp\/v2\/media?parent=1119"}],"wp:term":[{"taxonomy":"post_tag","embeddable":true,"href":"https:\/\/turismosancristobal.com\/en\/wp-json\/wp\/v2\/tags?post=1119"},{"taxonomy":"tribe_events_cat","embeddable":true,"href":"https:\/\/turismosancristobal.com\/en\/wp-json\/wp\/v2\/tribe_events_cat?post=1119"}],"curies":[{"name":"wp","href":"https:\/\/api.w.org\/{rel}","templated":true}]}}

Del presente al pasado: La población afromexicana de Chiapas

<p>Invitamos al público en general a qué nos acompañen al Conversatorio &#8220;Del presente al pasado: La población afro mexicana de Chiapas&#8221;.<br class="html-br" /><br class="html-br" /><span class="html-span xexx8yu xyri2b x18d9i69 x1c1uobl x1hl2dhg x16tdsg8 x1vvkbs x3nfvp2 x1j61x8r x1fcty0u xdj266r xat24cr xm2jcoa x1mpyi22 xxymvpz xlup9mm x1kky2od"><img loading="lazy" decoding="async" class="xz74otr x15mokao x1ga7v0g x16uus16 xbiv7yw" src="https://static.xx.fbcdn.net/images/emoji.php/v9/tff/1/16/1f4c6.png" alt="📆" width="16" height="16" /></span> Viernes 30 de Enero.<br class="html-br" /><span class="html-span xexx8yu xyri2b x18d9i69 x1c1uobl x1hl2dhg x16tdsg8 x1vvkbs x3nfvp2 x1j61x8r x1fcty0u xdj266r xat24cr xm2jcoa x1mpyi22 xxymvpz xlup9mm x1kky2od"><img loading="lazy" decoding="async" class="xz74otr x15mokao x1ga7v0g x16uus16 xbiv7yw" src="https://static.xx.fbcdn.net/images/emoji.php/v9/t34/1/16/23f0.png" alt="⏰" width="16" height="16" /></span> 17:00 horas.<br class="html-br" /><span class="html-span xexx8yu xyri2b x18d9i69 x1c1uobl x1hl2dhg x16tdsg8 x1vvkbs x3nfvp2 x1j61x8r x1fcty0u xdj266r xat24cr xm2jcoa x1mpyi22 xxymvpz xlup9mm x1kky2od"><img loading="lazy" decoding="async" class="xz74otr x15mokao x1ga7v0g x16uus16 xbiv7yw" src="https://static.xx.fbcdn.net/images/emoji.php/v9/t2d/1/16/1f4cd.png" alt="📍" width="16" height="16" /></span> Sala &#8220;Bruno Barrientos&#8221; del Centro Cultural &#8220;El Carmen&#8221;.</p>
