{"id":752,"date":"2025-05-30T11:06:22","date_gmt":"2025-05-30T17:06:22","guid":{"rendered":"https:\/\/turismosancristobal.com\/?post_type=tribe_events&#038;p=752"},"modified":"2025-05-30T11:10:35","modified_gmt":"2025-05-30T17:10:35","slug":"exposicion-pictorica-colores-por-la-paz","status":"publish","type":"tribe_events","link":"https:\/\/turismosancristobal.com\/en\/evento\/exposicion-pictorica-colores-por-la-paz\/","title":{"rendered":"Exposici\u00f3n pict\u00f3rica Colores por La Paz"},"content":{"rendered":"<p>Exposici\u00f3n colectiva de alumnos de la escuela Secundaria Federal Miguel Utrilla Trujillo, quienes nos compartir\u00e1n su sentir a trav\u00e9s de la pintura,\u00a0 sobre temas como la\u00a0 paz,\u00a0 armon\u00eda y la sana convivencia.<\/p>\n","protected":false},"excerpt":{"rendered":"<p>Exposici\u00f3n colectiva de alumnos de la escuela Secundaria Federal Miguel Utrilla Trujillo, quienes nos compartir\u00e1n su sentir a trav\u00e9s de la pintura,\u00a0 sobre temas como la\u00a0<span class=\"excerpt-hellip\"> [\u2026]<\/span><\/p>\n","protected":false},"author":2,"featured_media":0,"comment_status":"open","ping_status":"closed","template":"","meta":{"_acf_changed":false,"_tribe_events_status":"","_tribe_events_status_reason":"","_tribe_events_is_hybrid":"","_tribe_events_is_virtual":"","_tribe_events_virtual_video_source":"","_tribe_events_virtual_embed_video":"","_tribe_events_virtual_linked_button_text":"","_tribe_events_virtual_linked_button":"","_tribe_events_virtual_show_embed_at":"","_tribe_events_virtual_show_embed_to":[],"_tribe_events_virtual_show_on_event":"","_tribe_events_virtual_show_on_views":"","_tribe_events_virtual_url":"","footnotes":""},"tags":[],"tribe_events_cat":[],"class_list":["post-752","tribe_events","type-tribe_events","status-publish","hentry"],"acf":[],"_links":{"self":[{"href":"https:\/\/turismosancristobal.com\/en\/wp-json\/wp\/v2\/tribe_events\/752","targetHints":{"allow":["GET"]}}],"collection":[{"href":"https:\/\/turismosancristobal.com\/en\/wp-json\/wp\/v2\/tribe_events"}],"about":[{"href":"https:\/\/turismosancristobal.com\/en\/wp-json\/wp\/v2\/types\/tribe_events"}],"author":[{"embeddable":true,"href":"https:\/\/turismosancristobal.com\/en\/wp-json\/wp\/v2\/users\/2"}],"replies":[{"embeddable":true,"href":"https:\/\/turismosancristobal.com\/en\/wp-json\/wp\/v2\/comments?post=752"}],"version-history":[{"count":3,"href":"https:\/\/turismosancristobal.com\/en\/wp-json\/wp\/v2\/tribe_events\/752\/revisions"}],"predecessor-version":[{"id":755,"href":"https:\/\/turismosancristobal.com\/en\/wp-json\/wp\/v2\/tribe_events\/752\/revisions\/755"}],"wp:attachment":[{"href":"https:\/\/turismosancristobal.com\/en\/wp-json\/wp\/v2\/media?parent=752"}],"wp:term":[{"taxonomy":"post_tag","embeddable":true,"href":"https:\/\/turismosancristobal.com\/en\/wp-json\/wp\/v2\/tags?post=752"},{"taxonomy":"tribe_events_cat","embeddable":true,"href":"https:\/\/turismosancristobal.com\/en\/wp-json\/wp\/v2\/tribe_events_cat?post=752"}],"curies":[{"name":"wp","href":"https:\/\/api.w.org\/{rel}","templated":true}]}}

Exposición pictórica Colores por La Paz

<p>Exposición colectiva de alumnos de la escuela Secundaria Federal Miguel Utrilla Trujillo, quienes nos compartirán su sentir a través de la pintura,  sobre temas como la  paz,  armonía y la sana convivencia.</p>

<p>Exposición colectiva de alumnos de la escuela Secundaria Federal Miguel Utrilla Trujillo, quienes nos compartirán su sentir a través de la pintura,  sobre temas como la <span class="excerpt-hellip"> […]</span></p>
