{"id":770,"date":"2025-05-30T11:33:25","date_gmt":"2025-05-30T17:33:25","guid":{"rendered":"https:\/\/turismosancristobal.com\/?post_type=tribe_events&#038;p=770"},"modified":"2025-05-30T11:33:25","modified_gmt":"2025-05-30T17:33:25","slug":"taller-el-viaje-de-la-memoria","status":"publish","type":"tribe_events","link":"https:\/\/turismosancristobal.com\/en\/evento\/taller-el-viaje-de-la-memoria\/","title":{"rendered":"Taller &#8220;El Viaje de la Memoria&#8221;"},"content":{"rendered":"<p>Fotograf\u00eda y autoconocimiento. Mariauxilio Ballinas.<\/p>\n","protected":false},"excerpt":{"rendered":"<p>Ampl\u00eda el horizonte de la mirada, a trav\u00e9s del viaje de las emociones con el autorretrato, las traves\u00edas del cuerpo y las postales de la vida cotidiana.<\/p>\n","protected":false},"author":2,"featured_media":771,"comment_status":"open","ping_status":"closed","template":"","meta":{"_acf_changed":false,"_tribe_events_status":"","_tribe_events_status_reason":"","_tribe_events_is_hybrid":"","_tribe_events_is_virtual":"","_tribe_events_virtual_video_source":"","_tribe_events_virtual_embed_video":"","_tribe_events_virtual_linked_button_text":"","_tribe_events_virtual_linked_button":"","_tribe_events_virtual_show_embed_at":"","_tribe_events_virtual_show_embed_to":[],"_tribe_events_virtual_show_on_event":"","_tribe_events_virtual_show_on_views":"","_tribe_events_virtual_url":"","footnotes":""},"tags":[],"tribe_events_cat":[],"class_list":["post-770","tribe_events","type-tribe_events","status-publish","has-post-thumbnail","hentry"],"acf":[],"_links":{"self":[{"href":"https:\/\/turismosancristobal.com\/en\/wp-json\/wp\/v2\/tribe_events\/770","targetHints":{"allow":["GET"]}}],"collection":[{"href":"https:\/\/turismosancristobal.com\/en\/wp-json\/wp\/v2\/tribe_events"}],"about":[{"href":"https:\/\/turismosancristobal.com\/en\/wp-json\/wp\/v2\/types\/tribe_events"}],"author":[{"embeddable":true,"href":"https:\/\/turismosancristobal.com\/en\/wp-json\/wp\/v2\/users\/2"}],"replies":[{"embeddable":true,"href":"https:\/\/turismosancristobal.com\/en\/wp-json\/wp\/v2\/comments?post=770"}],"version-history":[{"count":1,"href":"https:\/\/turismosancristobal.com\/en\/wp-json\/wp\/v2\/tribe_events\/770\/revisions"}],"predecessor-version":[{"id":772,"href":"https:\/\/turismosancristobal.com\/en\/wp-json\/wp\/v2\/tribe_events\/770\/revisions\/772"}],"wp:featuredmedia":[{"embeddable":true,"href":"https:\/\/turismosancristobal.com\/en\/wp-json\/wp\/v2\/media\/771"}],"wp:attachment":[{"href":"https:\/\/turismosancristobal.com\/en\/wp-json\/wp\/v2\/media?parent=770"}],"wp:term":[{"taxonomy":"post_tag","embeddable":true,"href":"https:\/\/turismosancristobal.com\/en\/wp-json\/wp\/v2\/tags?post=770"},{"taxonomy":"tribe_events_cat","embeddable":true,"href":"https:\/\/turismosancristobal.com\/en\/wp-json\/wp\/v2\/tribe_events_cat?post=770"}],"curies":[{"name":"wp","href":"https:\/\/api.w.org\/{rel}","templated":true}]}}

<p>Fotografía y autoconocimiento. Mariauxilio Ballinas.</p>

<p>Amplía el horizonte de la mirada, a través del viaje de las emociones con el autorretrato, las travesías del cuerpo y las postales de la vida cotidiana.</p>
